mmon factor of l and 3.
3
Suppose 0 = 4*n - 5*w + 9*w - 48, -75 = -5*n - 2*w. What is the greatest common factor of n and 51?
17
Let t be 5/(-2)*(-196)/10. Let s = t - 32. Let b = s - 5. What is the highest common factor of b and 108?
12
Let b be -3*(-1 - 6)*16. Suppose -l = l + b. Let o = l - -272. Calculate the highest common factor of o and 13.
13
Suppose 4*y - 5*n = -3*n + 112, 2*y + 5*n = 56. Calculate the greatest common factor of y and 308.
28
Let f = -18 + 32. Let c = 27715 + -27547. What is the highest common divisor of f and c?
14
Suppose -924 = 642*x - 646*x. What is the greatest common factor of x and 66?
33
Let y(z) be the first derivative of z**3/3 - z**2 - 8*z - 6. Let n be y(-5). Calculate the highest common factor of n and 45.
9
Suppose 156 = 9*r - 24. Calculate the highest common factor of 20 and r.
20
Let i(l) = -2*l**2 + 69*l - 84. Let q be i(12). What is the highest common factor of q and 18?
6
Suppose -5*v = 4*l - 22, -2*v + 3*v + 10 = l. Let k be 43/l - (-48)/(-128). Calculate the highest common factor of k and 35.
5
Suppose 5*k - 102 = 3*x, k - 4*x = -2*k + 70. Let n = -13 + k. Let q be ((-2)/(-4))/((-1)/(-110)). What is the highest common divisor of n and q?
5
Let b(t) = -t**2 - 6*t - 2. Let u be b(-5). What is the highest common factor of 5 and u?
1
Let d be ((-1740)/(-725))/((-2)/(-20)). What is the highest common factor of d and 1956?
12
Let i = 257 + -131. What is the highest common factor of i and 315?
63
Let p = 33 - 28. Suppose p*b = 94 + 6. Suppose -u = 4*k - 31, 3*u - b = 4*k + 9. Calculate the greatest common divisor of u and 30.
15
Let z be (-5)/10 + 201/(-6). Let g be z/(-6) - 20/30. Suppose -71 = -g*q - 5*h + 84, -5*h = 4*q - 125. Calculate the highest common factor of q and 12.
6
Let z be (117/(-195))/((-1)/135). What is the greatest common divisor of 108 and z?
27
Suppose 4*a - v - 135 = 0, -195 = -5*a - 0*a - 4*v. Suppose 3*m + 2*m = a. What is the greatest common divisor of 63 and m?
7
Let t(i) = -i + 5. Let p be t(3). Let m(d) be the third derivative of d**5/15 - 38*d**2 - 2. Let u be m(p). What is the greatest common factor of 16 and u?
16
Let g = -427 - -544. Calculate the highest common divisor of 195 and g.
39
Suppose 3*h = 298 - 88. Let c(b) = -28*b. Let t be 5/(-3) + 6/9. Let x be c(t). Calculate the greatest common factor of h and x.
14
Let l(j) = 16*j + 25. Let w be 16/(-3)*(-15)/10. Let b be l(w). Let f = 36 - 19. What is the highest common divisor of f and b?
17
Suppose -4*t + c - 258 = 0, 2*c + 73 = -t - 2*c. Let d = -21 - t. What is the greatest common divisor of 11 and d?
11
Let x be 3816/39 - (-12)/78. Suppose -2*t = 5*c + 11, -2*t + 6 = -3*t - 3*c. Let n be t/(-3)*(16 - 2). What is the highest common divisor of x and n?
14
Suppose -420 = 5*t - 15*t. Calculate the highest common divisor of t and 18.
6
Let k = -375 - -378. Calculate the highest common factor of k and 468.
3
Let j(r) = 2*r**2 + 23*r - 12. Let v be j(-14). Calculate the highest common divisor of v and 377.
29
Let b(z) = 3*z**2 - 44*z + 184. Let l be b(5). What is the highest common factor of l and 52?
13
Suppose -20 = -2*m - 2*m. Let r(i) = 15*i - 3. Let a be r(m). Let h be 9/15*(-3 - -18). What is the highest common divisor of a and h?
9
Let t(h) = 2*h**2 - 23*h + 93. Let d be t(15). What is the highest common divisor of d and 66?
66
Suppose 5*i = 3*o + 7, 5*i - 4 = -3*o + 9. Suppose 0 = 4*q + i*g + 271 - 1287, -268 = -q + 3*g. Calculate the greatest common divisor of q and 32.
32
Suppose 28*t + 4*t - 2592 = 0. What is the highest common divisor of 324 and t?
81
Let y(f) = -f**2 - 2*f + 3. Let i be y(-6). Let j = i - -23. What is the highest common factor of 18 and j?
2
Let m = -147 + 219. Let s = -54 + -45. Let k = m - s. What is the greatest common factor of k and 19?
19
Let v(g) = -3*g**3 - 3*g**2 - g. Let s(q) = q**3 - q**2 - q + 1. Let z(h) = s(h) + v(h). Let f be z(-2). What is the greatest common divisor of f and 2?
1
Let v = 934 - 927. Suppose 2*c = 3*c - 63. What is the greatest common factor of v and c?
7
Let x(u) = -1 + 12*u + 0 + 7 + 7 - u**3. Let b be x(-7). Calculate the greatest common divisor of 34 and b.
34
Suppose o + p - 145 - 134 = 0, 15 = 3*p. Suppose -o + 22 = -4*a. Calculate the greatest common factor of a and 7.
7
Let o be 51/(-9)*(0 + -15). Suppose -25 = 5*d - o. Suppose 192 = -41*b + 49*b. Calculate the greatest common divisor of b and d.
12
Let w be (-219)/(-13) + (-50)/(-325). Suppose 20 = -4*n, -4*p - 3*n - 780 = p. Let k be (0 - p) + 0 + 0. What is the greatest common divisor of k and w?
17
Suppose y + 0*y = -0*y. Suppose 0 = -2*l - 8, 0*n + n + 5*l + 11 = y. What is the greatest common factor of n and 72?
9
Let p = 1286 + -1267. What is the greatest common divisor of p and 6213?
19
Let d(s) = -s**3 + 12*s**2 - 32*s + 47. Let k be d(9). What is the greatest common factor of k and 82?
2
Let d = -120 - -123. Let x(z) = z**3 + 3*z**2 - 3*z + 9. Let b be x(d). Calculate the greatest common factor of 6 and b.
6
Let v be ((-3)/2)/(9/(-240)). Let o be 1/(-2)*(3 + -13). What is the highest common divisor of o and v?
5
Let p(a) = -a**2 + 8*a - 13. Let o be p(4). Suppose 2*s + o*s + 3*g = 145, 2*s = g + 58. Calculate the highest common divisor of s and 319.
29
Let a(k) = 18*k**2 + 29*k - 2. Let r be a(-2). What is the greatest common divisor of 48 and r?
12
Suppose -2*g = 2*g + t - 58, -3*g + t = -47. Suppose 11*x - 10*x = -g. Let v be ((-50)/x)/(2/45). Calculate the greatest common factor of v and 30.
15
Suppose 5*g + 2*o = 8629, -2*o = g + 468 - 2197. Calculate the highest common divisor of g and 75.
75
Let t be 8 - (-175)/(-20) - (-62)/8. Calculate the greatest common divisor of 133 and t.
7
Let s(n) = 5*n**3 + 7*n**2 - 3*n - 11. Let i be s(2). Calculate the highest common factor of 1377 and i.
51
Suppose v = 6*v - 210. Suppose 4*w = -b + 148, 4*w + 0 - 156 = b. Suppose -2*g + 22 = q - w, -132 = -4*g - 5*q. Calculate the highest common factor of v and g.
14
Suppose -2*q - 2*h = -18 - 106, 5*q = 4*h + 292. Let d = q - 43. Suppose s = -2*s + 51. Calculate the highest common divisor of d and s.
17
Let v(o) = -o**2 + 14*o + 1. Let x be v(10). Let r = 64 - x. What is the highest common divisor of r and 92?
23
Suppose -6*k + 5539 = 4*t - 9*k, 0 = -5*t - 2*k + 6941. Calculate the greatest common divisor of t and 19.
19
Suppose 16*i - 18 = 14. Calculate the highest common factor of i and 20.
2
Let w = -33 + 21. Let i = -8 - w. Suppose -i*p + 250 = -2*z, 3 = z - 2. Calculate the greatest common divisor of p and 13.
13
Let q = -393 + 399. What is the highest common factor of q and 27?
3
Let x(j) = -23*j - 6. Let h be x(-7). Suppose -6*z - 100 - 2 = 0. Let u = z - -48. What is the greatest common factor of h and u?
31
Suppose -2*d + 2 = 46. Let s = 211 - 217. Let t = s - d. Calculate the greatest common factor of 112 and t.
16
Suppose 825 = -36*t + 33*t. Let j = -111 - t. Calculate the greatest common divisor of j and 41.
41
Let q = -54 + 56. Suppose -5*f + 2*w = -4, -3*f - q*w = -2 - 10. What is the highest common divisor of f and 6?
2
Suppose -6*c + 138 = -0*c. Let m(g) = -91*g**3 + g**2. Let l be m(-1). Calculate the highest common factor of c and l.
23
Let k = 454 + -390. What is the greatest common factor of k and 32?
32
Let c(r) = -2*r**3 - 5*r**2 + 5*r + 14. Let u be c(-4). What is the greatest common divisor of u and 14?
14
Suppose 4*u - 3*s = 212, -u = -0*s - 3*s - 44. Calculate the highest common divisor of u and 35.
7
Suppose 4*f = -12*f + 192. What is the greatest common divisor of 84 and f?
12
Let j = -74 - -35. Let a = j + 60. Suppose 13 = 2*x - a. Calculate the greatest common divisor of 119 and x.
17
Let m = 1063 - 919. Calculate the highest common factor of 198 and m.
18
Let q be (-72)/27*(-30)/4. Suppose 5*a + 2*f - 15 = 7, 2*f = -a + 6. Suppose 0 = a*m - 5 - 115. What is the greatest common divisor of m and q?
10
Let a(k) = -k**3 + 16*k**2 - 20*k + 25. Let q be a(13). What is the highest common divisor of q and 32?
16
Suppose 57*m - 1768 = 29012. Calculate the highest common factor of 100 and m.
20
Let x(y) = 4*y**2 + 14*y + 7. Let c be x(-4). Calculate the highest common factor of 900 and c.
15
Suppose -8 = i - 2. Suppose -55 = 2*o + 65. Let t = i - o. What is the greatest common factor